{"id":35,"date":"2014-08-31T21:51:21","date_gmt":"2014-08-31T19:51:21","guid":{"rendered":"http:\/\/osbyalg.se\/?page_id=35"},"modified":"2018-01-25T22:04:52","modified_gmt":"2018-01-25T21:04:52","slug":"stadgar","status":"publish","type":"page","link":"https:\/\/osbyalg.se\/?page_id=35","title":{"rendered":"Stadgar"},"content":{"rendered":"<div id=\"mainContent_stadgar\">\n<h2>BEST\u00c4MMELSER F\u00d6R \u00c4LGSK\u00d6TSELOMR\u00c5DE<\/h2>\n<p>antagna den 3 sept. 1996 och g\u00e4llande f\u00f6r de jaktlag\/jaktr\u00e4ttsinnehavare<br \/>\nsom genom Avtal om samg\u00e5ende i \u00e4lgsk\u00f6tselomr\u00e5de anslutit sina jaktomr\u00e5den till<br \/>\n\u00e4lgsk\u00f6tselomr\u00e5det.<\/p>\n<h3>Namn, beslutande organ m.m.<\/h3>\n<p>\u00a7 1<br \/>\n\u00c4lgsk\u00f6tselomr\u00e5dets namn skall vara Osby Norra \u00e4lgsk\u00f6tselomr\u00e5de.<\/p>\n<p>\u00a7 2<br \/>\nBeslutande organ inom \u00e4lgsk\u00f6tselomr\u00e5det \u00e4r \u00e4lgm\u00f6tet, extra \u00e4lgm\u00f6te och styrelsen.<\/p>\n<p>\u00a7 3<br \/>\nStyrelsen har sitt s\u00e4te i Eker\u00f6d.<\/p>\n<p>\u00a7 4<br \/>\n\u00c4lgsk\u00f6tselomr\u00e5dets verksamhets &#8211; och r\u00e4kenskapsperiod skall omfatta tiden 1\/1 &#8211; 31\/12.<\/p>\n<h3>\u00c4ndam\u00e5l<\/h3>\n<p>\u00a7 5<br \/>\n\u00c4ndam\u00e5let med \u00e4lgsk\u00f6tselomr\u00e5det \u00e4r att tillvarata de anslutna jaktlagens intressen<br \/>\nf\u00f6r god \u00e4lgv\u00e5rd och att i samverkan med mark\u00e4garna skapa en \u00e4lgstam<br \/>\ni balans genom en beskattning av den enligt den uppr\u00e4ttade \u00e4lgsk\u00f6tselplanen.<\/p>\n<h3>\u00c4lgm\u00f6te<\/h3>\n<p>\u00a7 6<br \/>\n\u00c4lgm\u00f6te skall h\u00e5llas \u00e5rligen under februari m\u00e5nad och best\u00e5r av ombud fr\u00e5n<br \/>\nde anslutna jaktlagen. Varje jaktlag \u00e4ger vid \u00e4lgm\u00f6tet en r\u00f6st f\u00f6r varje p\u00e5b\u00f6rjat<br \/>\n250-tal hektar mark som jaktlaget disponerar inom \u00e4lgsk\u00f6tselomr\u00e5det.<\/p>\n<p>Varje medlem i n\u00e5got av de i \u00e4lgsk\u00f6tselomr\u00e5det ing\u00e5ende jaktlagen har r\u00e4tt att<br \/>\nn\u00e4rvara vid \u00e4lgm\u00f6tet med yttrande &#8211; och f\u00f6rslagsr\u00e4tt.<\/p>\n<p>Person som \u00e4ger till \u00e4lgsk\u00f6tselomr\u00e5det ansluten mark , men som inte \u00e4r<br \/>\njaktr\u00e4ttshavare, har r\u00e4tt att n\u00e4rvara vid \u00e4lgm\u00f6te med yttrande &#8211; och f\u00f6rslagsr\u00e4tt<br \/>\ni fr\u00e5gor som r\u00f6r omr\u00e5dets \u00e4lgsk\u00f6tselplan.<\/p>\n<p>Omr\u00f6stning sker \u00f6ppet. Val skall dock ske med slutna sedlar om n\u00e5gon beg\u00e4r det.<br \/>\nVid lika r\u00f6stetal har ordf\u00f6randen utslagsr\u00f6st. Om han\/hon inte har r\u00f6str\u00e4tt<br \/>\navg\u00f6rs fr\u00e5gan genom lottning. Detsamma g\u00e4ller vid lika r\u00f6stetal vid val.<\/p>\n<p>Extra \u00e4lgm\u00f6te h\u00e5lles om styrelsen finner det n\u00f6dv\u00e4ndigt eller om en majoritet<br \/>\nav de i \u00e4lgsk\u00f6tselomr\u00e5det ing\u00e5ende jaktlagen beg\u00e4r det hos styrelsen.<\/p>\n<p>Extra \u00e4lgm\u00f6te kan endast behandla \u00e4renden som f\u00f6ranlett dess inkallande.<\/p>\n<p>Kallelse till \u00e4lgm\u00f6te och extra \u00e4lgm\u00f6te sker genom styrelsens f\u00f6rsorg senast<br \/>\n14 dagar f\u00f6re m\u00f6tet genom skrivelse till f\u00f6retr\u00e4darna f\u00f6r de jaktlag som ing\u00e5r<br \/>\ni \u00e4lgsk\u00f6tselomr\u00e5det.<\/p>\n<h4>P\u00e5 dagordningen f\u00f6r \u00e4lgm\u00f6te skall f\u00f6rekomma.<\/h4>\n<ol>\n<li>Val av ordf\u00f6rande och sekreterare f\u00f6r m\u00f6tet samt val av tv\u00e5 personer att j\u00e4mte ordf\u00f6randen justera protokollet.<\/li>\n<li>Justering av r\u00f6stl\u00e4ngd.<\/li>\n<li>Fr\u00e5ga om kallelse skett p\u00e5 r\u00e4tt s\u00e4tt.<\/li>\n<li>Fastst\u00e4llande av dagordningen.<\/li>\n<li>Styrelsens verksamhets- och f\u00f6rvaltningsber\u00e4ttelse.<\/li>\n<li>Revisorernas ber\u00e4ttelse.<\/li>\n<li>Beslut om resultatr\u00e4kning och fastst\u00e4llande av balansr\u00e4kning.<\/li>\n<li>Fr\u00e5ga om ansvarsfrihet f\u00f6r styrelsen.<\/li>\n<li>Val av en ordf\u00f6rande till \u00e4lgsk\u00f6tselomr\u00e5det och styrelse.<\/li>\n<li>Val av ledam\u00f6ter och suppleanter i styrelsen.<\/li>\n<li>Val av tv\u00e5 revisorer och tv\u00e5 suppleanter.<\/li>\n<li>Anm\u00e4lan om f\u00f6r\u00e4ndringar av \u00e4lgsk\u00f6tselomr\u00e5dets eller av n\u00e5got i detta ing\u00e5ende<br \/>\njaktomr\u00e5dens omfattning.<\/li>\n<li>Fr\u00e5ga om anslutning av nya jaktlag.<\/li>\n<li>Fr\u00e5ga om \u00e4lgsk\u00f6tselplan.<\/li>\n<li>Beslut om det antal \u00e4lgar (vuxna och kalvar) som skall f\u00e4llas och f\u00f6rdelning<br \/>\nav dessa mellan de i \u00e4lgsk\u00f6tselomr\u00e5det ing\u00e5ende jaktlagen samt fastst\u00e4llande<br \/>\nav reservkvot.<\/li>\n<li>Fr\u00e5gor r\u00f6rande eventuell s.k. &#8221;havre\u00e4lg&#8221; och regler f\u00f6r s\u00e5dan jakt samt<br \/>\nr\u00e4tten till vid s\u00e5dan jakt f\u00e4lld \u00e4lg \u00e4vensom r\u00e4tten till \u00e4lg som enligt<br \/>\njaktf\u00f6rordningen 34 \u00a7 f\u00e5r beh\u00e5llas av jaktr\u00e4ttshavaren (exv. &#8221;trafik\u00e4lg&#8221; )<\/li>\n<li>Regler f\u00f6r \u00e4lgjakten ut\u00f6ver de i \u00a7 8 angivna.<\/li>\n<li>Praktiskt \u00e4lgv\u00e5rdsarbete, \u00e4lginventeringar och skadef\u00f6rebyggande \u00e5tg\u00e4rder.<\/li>\n<li>Beslut om avgifter f\u00f6r t\u00e4ckande av kostnader f\u00f6r administration och \u00e5tg\u00e4rder<br \/>\nenligt p. 18.<\/li>\n<li>\u00d6vriga fr\u00e5gor.<\/li>\n<\/ol>\n<h3>Styrelsen<\/h3>\n<p>\u00a7 7<br \/>\nN\u00e4r \u00e4lgm\u00f6tet inte \u00e4r samlat fattar styrelsen beslut som r\u00f6r \u00e4lgsk\u00f6tselomr\u00e5det.<br \/>\nStyrelsen \u00e4r inf\u00f6r \u00e4lgm\u00f6tet ansvarig f\u00f6r sin f\u00f6rvaltning.<\/p>\n<p>Styrelsen best\u00e5r av ordf\u00f6rande och ledam\u00f6ter, valda av \u00e4lgm\u00f6tet.<\/p>\n<p>Ordf\u00f6randen v\u00e4ljs f\u00f6r en tid av ett \u00e5r.<\/p>\n<p>Antalet av \u00e4lgm\u00f6tet valda \u00f6vriga ledam\u00f6ter och suppleanter skall vara 8<br \/>\n\u00f6vriga ledam\u00f6ter samt 8 personliga suppleanter, vilka v\u00e4ljs f\u00f6r en<br \/>\ntid av tv\u00e5 \u00e5r med 4 ledam\u00f6ter och 4 suppleanter vart annat \u00e5r.<\/p>\n<p>Valbar till styrelsen \u00e4r person med jaktr\u00e4tt p\u00e5 \u00e4lg\/medlem i jaktlag inom<br \/>\n\u00e4lgsk\u00f6tselomr\u00e5det.<\/p>\n<p>Styrelsen \u00e4r beslutsf\u00f6r, d\u00e5 kallelse utg\u00e5tt i den ordning styrelsen beslutat<br \/>\np\u00e5 det sammantr\u00e4de som h\u00e5lls n\u00e4rmast efter ordinarie \u00e4lgm\u00f6te samt<br \/>\nminst halva antalet ledam\u00f6ter \u00e4r n\u00e4rvarande.<\/p>\n<p>Vid konstituerande sammantr\u00e4de efter ordinarie \u00e4lgm\u00f6te utser styrelsen<br \/>\nbland ledam\u00f6terna vice ordf\u00f6rande samt sekreterare och kass\u00f6r.<\/p>\n<h4>Det \u00e5ligger styrelsen<\/h4>\n<p><span style=\"text-decoration: underline;\">att<\/span> fortl\u00f6pande f\u00f6ra f\u00f6rteckning \u00f6ver f\u00f6r\u00e4ndringar i jaktmarksinnehav samt<br \/>\nh\u00e5lla karta \u00f6ver \u00e4lgsk\u00f6tselomr\u00e5det aktuell med gr\u00e4nserna f\u00f6r de anslutna<br \/>\njaktlagens omr\u00e5den inritade,<\/p>\n<p><span style=\"text-decoration: underline;\">att<\/span> hos l\u00e4nsstyrelsen beg\u00e4ra ny registrering av \u00e4lgsk\u00f6tselomr\u00e5det om \u00e4ndring<br \/>\nsker av omr\u00e5dets omfattning,<\/p>\n<p><span style=\"text-decoration: underline;\">att<\/span> tillst\u00e4lla jaktledarna kopia av registreringsbeslut och beslut om \u00e4lgtilldelning,<\/p>\n<p><span style=\"text-decoration: underline;\">att<\/span> noga f\u00f6lja \u00e4lgstammens utveckling och vara uppm\u00e4rksam p\u00e5 andra f\u00f6rh\u00e5llanden<br \/>\nsom skall p\u00e5verka avskjutningen inom omr\u00e5det<\/p>\n<p><span style=\"text-decoration: underline;\">att<\/span> f\u00f6re varje \u00e4lgm\u00f6te uppr\u00e4tta och inf\u00f6r \u00e4lgm\u00f6tet framl\u00e4gga f\u00f6rslag till avskjutning<br \/>\noch regler f\u00f6r \u00e4lgjakten,<\/p>\n<p><span style=\"text-decoration: underline;\">att<\/span> till \u00e4lgm\u00f6tet avge yttrande \u00f6ver inkomna ans\u00f6kningar fr\u00e5n jaktlag om anslutning<br \/>\ntill \u00e4lgsk\u00f6tselomr\u00e5det,<\/p>\n<p><span style=\"text-decoration: underline;\">att<\/span> till \u00e4lgm\u00f6tet inkomma med f\u00f6rslag till praktiskt \u00e4lgv\u00e5rdsarbete och till<br \/>\nskadef\u00f6rebyggande \u00e5tg\u00e4rder,<\/p>\n<p><span style=\"text-decoration: underline;\">att<\/span> till \u00e4lgm\u00f6tet inkomma med f\u00f6rslag till avgifter,<\/p>\n<p><span style=\"text-decoration: underline;\">att<\/span> till l\u00e4nsstyrelsen ins\u00e4nda uppgift om jaktresultat och inbetala avgifter,<\/p>\n<p><span style=\"text-decoration: underline;\">att<\/span> svara f\u00f6r \u00e4lgobsinventeringen,<\/p>\n<p><span style=\"text-decoration: underline;\">att<\/span> i \u00f6vrigt fullg\u00f6ra de uppgifter om vilka \u00e4lgm\u00f6tet kan fatta beslut.<\/p>\n<h3>F\u00f6reskrifter f\u00f6r \u00e4lgjakten<\/h3>\n<p>\u00a7 8<\/p>\n<ol>\n<li>Jakten inom \u00e4lgsk\u00f6tselomr\u00e5det bedrivs i jaktlag. Inom varje jaktlags omr\u00e5de<br \/>\nskall jakten ske som om jaktomr\u00e5det utgjorde eget licensomr\u00e5de.<br \/>\nDetta utg\u00f6r dock inget hinder f\u00f6r samjakt mellan angr\u00e4nsande jaktlag. Vid<br \/>\ns\u00e5dan samjakt f\u00e4llda \u00e4lgar f\u00f6rdelas mellan de samjagande jaktlagen p\u00e5<br \/>\ns\u00e4tt de kommit \u00f6verens om.<\/li>\n<li>Jaktledare skall utses inom varje jaktlag. Denne \u00f6vertar f\u00f6retr\u00e4darens<br \/>\nf\u00f6r \u00e4lgsk\u00f6tselomr\u00e5det skyldigheter vad g\u00e4ller jaktens genomf\u00f6rande inom<br \/>\ndet egna jaktlaget (se jaktkung\u00f6relsen).<\/li>\n<li>Det ankommer p\u00e5 varje jaktlag att till styrelsen fortl\u00f6pande och om<br \/>\nm\u00f6jligt senast den 31 december anm\u00e4la f\u00f6r\u00e4ndringar i markinnehav samt<br \/>\natt h\u00e5lla fastighetsf\u00f6rteckning aktuell.<\/li>\n<li>Naturv\u00e5rdsverkets allm\u00e4nna r\u00e5d avseende r\u00e4tten till f\u00e4lld \u00e4lg och fallvilt<br \/>\nav \u00e4lg g\u00e4ller i till\u00e4mpliga delar.<\/li>\n<li>Jaktledarna skall senast fem dagar efter jakttidens utg\u00e5ng skriftligen<br \/>\ntill styrelsen rapportera jaktresultatet. I anm\u00e4lan skall anges var och<br \/>\nn\u00e4r varje djur f\u00e4lldes, djurets k\u00f6n, om f\u00e4llt djur var \u00e5rskalv samt i<br \/>\nfr\u00e5ga an vuxet djur, om djuret var fjoling eller \u00e4ldre. F\u00f6r tjur skall<br \/>\nhornens tagg-antal och utl\u00e4gg samt slaktvikt, v\u00e4gd &#8211; eller uppskattad<br \/>\nanges.Avgiften f\u00f6r f\u00e4lld vuxen \u00e4lg skall samtidigt som jaktresultatet rapporteras<br \/>\ninbetalas till styrelsen p\u00e5 det s\u00e4tt styrelsen meddelat.<\/li>\n<li>Det \u00e5vilar jaktledarna att till styrelsen senast tio dagar efter den<br \/>\nf\u00f6rsta \u00e4lgjaktsveckan \u00f6verl\u00e4mna \u00e4lgobsrapport.<\/li>\n<\/ol>\n<h3>Uttr\u00e4de ur \u00e4lgsk\u00f6tselomr\u00e5det<\/h3>\n<p>\u00a7 9<br \/>\nJaktlag som \u00f6nskar uttr\u00e4da ur \u00e4lgsk\u00f6tselomr\u00e5det skall skriftligen anm\u00e4la<br \/>\ndetta till styrelsen senast den 31 december.<br \/>\nAnslutning till \u00e4lgsk\u00f6tselomr\u00e5det<\/p>\n<p>\u00a7 10<br \/>\nNya jaktlag som \u00f6nskar ansluta sina marker till \u00e4lgsk\u00f6tselomr\u00e5det skall<br \/>\nsenast den 31 december \u00e5ret f\u00f6re det \u00e5ret anslutningen avses ske, skriftligen<br \/>\nanm\u00e4la detta till styrelsen. Fr\u00e5ga om anslutning pr\u00f6vas av \u00e4lgm\u00f6tet.<br \/>\nUteslutning ur \u00e4lgsk\u00f6tselomr\u00e5det<\/p>\n<p>\u00a7 11<br \/>\n\u00c4lgm\u00f6tet f\u00e5r besluta om uteslutning av jaktlag\/jaktr\u00e4ttshavare som \u00f6vertr\u00e4der<br \/>\ngrundl\u00e4ggande best\u00e4mmelser f\u00f6r \u00e4lgsk\u00f6tselomr\u00e5det eller av \u00e4lgm\u00f6tet fattade<br \/>\nbeslut eller bryter mot f\u00f6rfattning avseende vilt, jakt eller vapen.<\/p>\n<h3>Ekonomi<\/h3>\n<p>\u00a7 12<br \/>\nF\u00f6r t\u00e4ckande av administrationskostnader och kostnader f\u00f6r skadef\u00f6rebyggande<br \/>\n\u00e5tg\u00e4rder och andra kostnader som h\u00e4nger samman med sk\u00f6tsel av \u00e4lgstammen<br \/>\ninom omr\u00e5det f\u00e5r \u00e4lgm\u00f6tet besluta om att jaktlagen skall erl\u00e4gga viss avgift.<\/p>\n<h3>\u00c4ndring av best\u00e4mmelser f\u00f6r \u00e4lgsk\u00f6tselomr\u00e5det<\/h3>\n<p>\u00a7 13<br \/>\nBeslut om \u00e4ndring av dessa best\u00e4mmelser fattas av \u00e4lgm\u00f6te. Beslut \u00e4r<br \/>\ngiltigt endast om det betr\u00e4tts av minst tv\u00e5 tredjedelar av de i \u00e4lgm\u00f6tet<br \/>\ndeltagande ombuden.<\/p>\n<h3>Uppl\u00f6sning av \u00e4lgsk\u00f6tselomr\u00e5det<\/h3>\n<p>\u00a7 14<br \/>\nBeslut om uppl\u00f6sning av \u00e4lgsk\u00f6tselomr\u00e5det kan fattas av \u00e4lgm\u00f6te. Om \u00e4lgsk\u00f6tselomr\u00e5det<br \/>\nskall uppl\u00f6sas till f\u00f6ljd av s\u00e5dant beslut, varvid f\u00f6r beslut om uppl\u00f6sning kr\u00e4vs att<br \/>\nf\u00f6rslaget bitr\u00e4tts av minst tv\u00e5 tredjedelar av de vid \u00e4lgm\u00f6tet deltagande ombuden,<br \/>\neller p\u00e5 grund av att s\u00e5 m\u00e5nga jaktlag uttr\u00e4tt ur omr\u00e5det att det inte l\u00e4ngre uppfyller<br \/>\nkraven f\u00f6r ett \u00e4lgsk\u00f6tselomr\u00e5de, skall med beh\u00e5llna tillg\u00e5ngar f\u00f6rfaras p\u00e5 s\u00e4tt som<br \/>\nbeslutas av \u00e4lgm\u00f6tet.<\/p>\n<p><a href=\"http:\/\/osbyalg.se\/wp-content\/uploads\/2014\/08\/stadgar.pdf\">Originaldokumentet<\/a><\/p>\n<\/div>\n","protected":false},"excerpt":{"rendered":"BEST\u00c4MMELSER F\u00d6R \u00c4LGSK\u00d6TSELOMR\u00c5DE antagna den 3 sept. 1996 och g\u00e4llande f\u00f6r de jaktlag\/jaktr\u00e4ttsinnehavare som genom Avtal om samg\u00e5ende i \u00e4lgsk\u00f6tselomr\u00e5de anslutit sina jaktomr\u00e5den till \u00e4lgsk\u00f6tselomr\u00e5det. Namn, beslutande organ m.m. \u00a7 1 \u00c4lgsk\u00f6tselomr\u00e5dets namn skall vara Osby Norra \u00e4lgsk\u00f6tselomr\u00e5de. \u00a7 2 Beslutande organ inom \u00e4lgsk\u00f6tselomr\u00e5det \u00e4r \u00e4lgm\u00f6tet, extra \u00e4lgm\u00f6te och styrelsen. \u00a7 3 Styrelsen har sitt&#8230; <a class=\"view-article\" href=\"https:\/\/osbyalg.se\/?page_id=35\">View Article<\/a>","protected":false},"author":1,"featured_media":0,"parent":0,"menu_order":2,"comment_status":"open","ping_status":"open","template":"","meta":[],"_links":{"self":[{"href":"https:\/\/osbyalg.se\/index.php?rest_route=\/wp\/v2\/pages\/35"}],"collection":[{"href":"https:\/\/osbyalg.se\/index.php?rest_route=\/wp\/v2\/pages"}],"about":[{"href":"https:\/\/osbyalg.se\/index.php?rest_route=\/wp\/v2\/types\/page"}],"author":[{"embeddable":true,"href":"https:\/\/osbyalg.se\/index.php?rest_route=\/wp\/v2\/users\/1"}],"replies":[{"embeddable":true,"href":"https:\/\/osbyalg.se\/index.php?rest_route=%2Fwp%2Fv2%2Fcomments&post=35"}],"version-history":[{"count":3,"href":"https:\/\/osbyalg.se\/index.php?rest_route=\/wp\/v2\/pages\/35\/revisions"}],"predecessor-version":[{"id":888,"href":"https:\/\/osbyalg.se\/index.php?rest_route=\/wp\/v2\/pages\/35\/revisions\/888"}],"wp:attachment":[{"href":"https:\/\/osbyalg.se\/index.php?rest_route=%2Fwp%2Fv2%2Fmedia&parent=35"}],"curies":[{"name":"wp","href":"https:\/\/api.w.org\/{rel}","templated":true}]}}